{"id":3,"date":"2022-09-23T19:06:51","date_gmt":"2022-09-23T22:06:51","guid":{"rendered":"https:\/\/projetoentenda.com.br\/site\/?page_id=3"},"modified":"2023-05-05T11:46:19","modified_gmt":"2023-05-05T14:46:19","slug":"politica-de-privacidade","status":"publish","type":"page","link":"https:\/\/projetoentenda.com.br\/site\/politica-de-privacidade\/","title":{"rendered":"Pol\u00edtica de privacidade"},"content":{"rendered":"\t\t<div data-elementor-type=\"wp-page\" data-elementor-id=\"3\" class=\"elementor elementor-3\">\n\t\t\t\t\t\t\t\t\t<section class=\"elementor-section elementor-top-section elementor-element elementor-element-586a1bf5 elementor-section-boxed elementor-section-height-default elementor-section-height-default\" data-id=\"586a1bf5\" data-element_type=\"section\">\n\t\t\t\t\t\t<div class=\"elementor-container elementor-column-gap-default\">\n\t\t\t\t\t<div class=\"elementor-column elementor-col-100 elementor-top-column elementor-element elementor-element-38e7b7cf\" data-id=\"38e7b7cf\" data-element_type=\"column\">\n\t\t\t<div class=\"elementor-widget-wrap elementor-element-populated\">\n\t\t\t\t\t\t\t\t<div class=\"elementor-element elementor-element-49c692a elementor-widget elementor-widget-text-editor\" data-id=\"49c692a\" data-element_type=\"widget\" data-widget_type=\"text-editor.default\">\n\t\t\t\t<div class=\"elementor-widget-container\">\n\t\t\t<style>\/*! elementor - v3.12.1 - 02-04-2023 *\/\n.elementor-widget-text-editor.elementor-drop-cap-view-stacked .elementor-drop-cap{background-color:#69727d;color:#fff}.elementor-widget-text-editor.elementor-drop-cap-view-framed .elementor-drop-cap{color:#69727d;border:3px solid;background-color:transparent}.elementor-widget-text-editor:not(.elementor-drop-cap-view-default) .elementor-drop-cap{margin-top:8px}.elementor-widget-text-editor:not(.elementor-drop-cap-view-default) .elementor-drop-cap-letter{width:1em;height:1em}.elementor-widget-text-editor .elementor-drop-cap{float:left;text-align:center;line-height:1;font-size:50px}.elementor-widget-text-editor .elementor-drop-cap-letter{display:inline-block}<\/style>\t\t\t\t<h3><strong style=\"color: var( --e-global-color-text ); font-family: var( --e-global-typography-text-font-family ), Sans-serif;\">O que \u00e9 o <em>Projeto Entenda<\/em>?<\/strong><\/h3>\n<p><strong>1.<\/strong>\u00a0\u00c9 uma plataforma de ensino mantida pela\u00a0<span style=\"color: var( --e-global-color-text ); font-family: var( --e-global-typography-text-font-family ), Sans-serif; font-weight: var( --e-global-typography-text-font-weight );\">pessoa f\u00edsica<\/span><span style=\"color: var( --e-global-color-text ); font-family: var( --e-global-typography-text-font-family ), Sans-serif; font-weight: var( --e-global-typography-text-font-weight );\">\u00a0Eduardo Leite do Canto (Professor Canto), educador e autor de livros did\u00e1ticos<\/span><span style=\"color: var( --e-global-color-text ); font-family: var( --e-global-typography-text-font-family ), Sans-serif; font-weight: var( --e-global-typography-text-font-weight );\">.<\/span><\/p>\n<p><span style=\"font-weight: var( --e-global-typography-text-font-weight );\"><strong>2.<\/strong> D\u00favidas, coment\u00e1rios e solicita\u00e7\u00f5es podem ser enviadas para o seguinte endere\u00e7o eletr\u00f4nico:\u00a0<\/span><a href=\"mailto:cursos@projetoentenda.com.br\" target=\"_blank\" rel=\"noopener\">cursos@projetoentenda.com.br<\/a><span style=\"font-weight: var( --e-global-typography-text-font-weight );\">.\u00a0<\/span><\/p>\n<h3 style=\"margin-top: 2.29068em; margin-bottom: 0.540791em;\"><span style=\"font-weight: 600; color: var( --e-global-color-text ); font-family: var( --e-global-typography-text-font-family ), Sans-serif;\"><em>Cookies<\/em> e privacidade de dados<\/span><\/h3>\n<p><b style=\"color: var( --e-global-color-text ); font-family: var( --e-global-typography-text-font-family ), Sans-serif;\">3.<\/b><span style=\"color: var( --e-global-color-text ); font-family: var( --e-global-typography-text-font-family ), Sans-serif; font-weight: var( --e-global-typography-text-font-weight );\"> Quando voc\u00ea cria ou acessa sua conta no <em>site<\/em>, <em>cookies<\/em>\u00a0<\/span><span style=\"color: var( --e-global-color-text ); font-family: var( --e-global-typography-text-font-family ), Sans-serif; font-weight: var( --e-global-typography-text-font-weight );\">s\u00e3o empregados\u00a0<\/span><span style=\"color: var( --e-global-color-text ); font-family: var( --e-global-typography-text-font-family ), Sans-serif; font-weight: var( --e-global-typography-text-font-weight );\">para otimizar a sua utiliza\u00e7\u00e3o.<\/span><\/p>\n<p><b>4.<\/b> A plataforma n\u00e3o coleta seus dados pessoais, exceto aqueles fornecidos por voc\u00ea no momento da compra e em eventuais altera\u00e7\u00f5es cadastrais posteriores que realizar.\u00a0<span style=\"color: var( --e-global-color-text ); font-family: var( --e-global-typography-text-font-family ), Sans-serif; font-weight: var( --e-global-typography-text-font-weight );\">Os dados fornecidos na compra s\u00e3o compartilhados, \u00e9 claro, com a empresa operadora do <em>gateway<\/em> de pagamentos, o <em>Mercado Pago<\/em>.<\/span><\/p>\n<p><span style=\"color: var( --e-global-color-text ); font-family: var( --e-global-typography-text-font-family ), Sans-serif; font-weight: bold;\">5.<\/span><span style=\"color: var( --e-global-color-text ); font-family: var( --e-global-typography-text-font-family ), Sans-serif; font-weight: var( --e-global-typography-text-font-weight );\">\u00a0Excetuando a operadora do <em>gateway<\/em> de pagamentos, os seus dados de contato\u00a0<strong>n\u00e3o<\/strong> s\u00e3o compartilhados, <strong>em hip\u00f3tese alguma<\/strong>, com outras pessoas ou entidades.\u00a0<\/span><span style=\"color: var( --e-global-color-text ); font-family: var( --e-global-typography-text-font-family ), Sans-serif; font-weight: var( --e-global-typography-text-font-weight );\">Eles s\u00e3o usados exclusivamente pelo Professor Canto e pelo<\/span><span style=\"color: var( --e-global-color-text ); font-family: var( --e-global-typography-text-font-family ), Sans-serif; font-weight: var( --e-global-typography-text-font-weight );\">\u00a0<\/span><em style=\"color: var( --e-global-color-text ); font-family: var( --e-global-typography-text-font-family ), Sans-serif; font-weight: var( --e-global-typography-text-font-weight );\">Projeto Entenda<\/em><span style=\"color: var( --e-global-color-text ); font-family: var( --e-global-typography-text-font-family ), Sans-serif; font-weight: var( --e-global-typography-text-font-weight );\">.<\/span><\/p>\n<h3><span style=\"font-weight: 600; color: var( --e-global-color-text ); font-family: var( --e-global-typography-text-font-family ), Sans-serif;\">Seguran\u00e7a digital<\/span><\/h3>\n<p><span style=\"font-weight: bold; color: var( --e-global-color-text ); font-family: var( --e-global-typography-text-font-family ), Sans-serif;\">6.<\/span><span style=\"color: var( --e-global-color-text ); font-family: var( --e-global-typography-text-font-family ), Sans-serif; font-weight: var( --e-global-typography-text-font-weight );\">\u00a0Realizamos todos os esfor\u00e7os para salvaguardar a seguran\u00e7a digital da plataforma.<\/span><\/p>\n<p><span style=\"color: var( --e-global-color-text ); font-family: var( --e-global-typography-text-font-family ), Sans-serif; font-weight: bold;\">7.<\/span><span style=\"color: var( --e-global-color-text ); font-family: var( --e-global-typography-text-font-family ), Sans-serif; font-weight: var( --e-global-typography-text-font-weight );\">\u00a0As transa\u00e7\u00f5es de compra s\u00e3o de responsabilidade do operador do\u00a0<em>gateway<\/em> de pagamentos, o <em>Mercado Pago<\/em>.<\/span><span style=\"color: var( --e-global-color-text ); font-family: var( --e-global-typography-text-font-family ), Sans-serif; font-weight: var( --e-global-typography-text-font-weight );\"><br \/><\/span><\/p>\n<p><span style=\"color: var( --e-global-color-text ); font-family: var( --e-global-typography-text-font-family ), Sans-serif; font-weight: bold;\">8.<\/span><span style=\"color: var( --e-global-color-text ); font-family: var( --e-global-typography-text-font-family ), Sans-serif; font-weight: var( --e-global-typography-text-font-weight );\">\u00a0S<\/span><span style=\"color: var( --e-global-color-text ); font-family: var( --e-global-typography-text-font-family ), Sans-serif; font-weight: var( --e-global-typography-text-font-weight );\">ugerimos a voc\u00ea duas medidas que toda pessoa prudente e de bom senso toma para suas intera\u00e7\u00f5es com plataformas digitais. Crie, para uso neste <em>site<\/em>, uma <strong>senha exclusiva<\/strong> (que voc\u00ea <strong>n\u00e3o<\/strong> utilize em nenhum outro lugar). Al\u00e9m disso, para realizar sua compra, gere um <strong>cart\u00e3o virtual<\/strong> configurado para <strong>uma \u00fanica<\/strong> transa\u00e7\u00e3o.<\/span><\/p>\n<h3><span style=\"font-weight: 600; color: var( --e-global-color-text ); font-family: var( --e-global-typography-text-font-family ), Sans-serif;\">Conta e senha pessoal<\/span><\/h3>\n<p><span style=\"font-weight: bold; color: var( --e-global-color-text ); font-family: var( --e-global-typography-text-font-family ), Sans-serif;\">9.<\/span><span style=\"color: var( --e-global-color-text ); font-family: var( --e-global-typography-text-font-family ), Sans-serif; font-weight: var( --e-global-typography-text-font-weight );\"> A compra de um curso d\u00e1 direito ao acesso por apenas uma pessoa. Assim, <strong>n\u00e3o \u00e9 permitido o uso compartilhado<\/strong> de uma conta.<\/span><\/p>\n<p><span style=\"color: var( --e-global-color-text ); font-family: var( --e-global-typography-text-font-family ), Sans-serif; font-weight: bold;\">10.<\/span><span style=\"color: var( --e-global-color-text ); font-family: var( --e-global-typography-text-font-family ), Sans-serif; font-weight: var( --e-global-typography-text-font-weight );\">\u00a0A senha \u00e9 de uso pessoal. Ela n\u00e3o deve ser compartilhada com outra(s) pessoa(s).<\/span><\/p>\n<p><span style=\"color: var( --e-global-color-text ); font-family: var( --e-global-typography-text-font-family ), Sans-serif; font-weight: bold;\">11.<\/span><span style=\"color: var( --e-global-color-text ); font-family: var( --e-global-typography-text-font-family ), Sans-serif; font-weight: var( --e-global-typography-text-font-weight );\">\u00a0A plataforma n\u00e3o permite <em>logins<\/em> simult\u00e2neos (isto \u00e9, de dois ou mais dispositivos ou navegadores) para um mesmo usu\u00e1rio.<\/span><span style=\"color: var( --e-global-color-text ); font-family: var( --e-global-typography-text-font-family ), Sans-serif; font-weight: var( --e-global-typography-text-font-weight );\">\u00a0Uma segunda tentativa de conex\u00e3o automaticamente desconecta a anterior.<\/span><span style=\"color: var( --e-global-color-text ); font-family: var( --e-global-typography-text-font-family ), Sans-serif; font-weight: var( --e-global-typography-text-font-weight );\"><br \/><\/span><\/p>\n<h3><span style=\"font-weight: 600; color: var( --e-global-color-text ); font-family: var( --e-global-typography-text-font-family ), Sans-serif;\">Direitos autorais<\/span><\/h3>\n<p><span style=\"font-weight: bold; color: var( --e-global-color-text ); font-family: var( --e-global-typography-text-font-family ), Sans-serif;\">12.<\/span><span style=\"color: var( --e-global-color-text ); font-family: var( --e-global-typography-text-font-family ), Sans-serif; font-weight: var( --e-global-typography-text-font-weight );\">\u00a0Todo o material dessa plataforma \u00e9 protegido pela lei de direitos autorais.\u00a0<\/span><span style=\"color: var( --e-global-color-text ); font-family: var( --e-global-typography-text-font-family ), Sans-serif; font-weight: var( --e-global-typography-text-font-weight );\">A compra de um curso d\u00e1 direito \u00e0 utiliza\u00e7\u00e3o dos v\u00eddeos e materiais did\u00e1tico pelo comprador <strong>apenas<\/strong> na situa\u00e7\u00e3o de aprendizagem.<\/span><\/p>\n<p><span style=\"color: var( --e-global-color-text ); font-family: var( --e-global-typography-text-font-family ), Sans-serif; font-weight: bold;\">13.<\/span><span style=\"color: var( --e-global-color-text ); font-family: var( --e-global-typography-text-font-family ), Sans-serif; font-weight: var( --e-global-typography-text-font-weight );\"> N\u00e3o \u00e9 permitido reproduzir, publicar ou comercializar os v\u00eddeos, as fotos, as ilustra\u00e7\u00f5es, os pdfs, os modelos moleculares tridimensionais e quaisquer outros materiais existentes na plataforma.<\/span><\/p>\n<h3><span style=\"font-weight: 600; color: var( --e-global-color-text ); font-family: var( --e-global-typography-text-font-family ), Sans-serif;\">Desist\u00eancia da compra<\/span><\/h3>\n<p><span style=\"font-weight: bold; color: var( --e-global-color-text ); font-family: var( --e-global-typography-text-font-family ), Sans-serif;\">14.<\/span><span style=\"color: var( --e-global-color-text ); font-family: var( --e-global-typography-text-font-family ), Sans-serif; font-weight: var( --e-global-typography-text-font-weight );\"> Voc\u00ea pode desistir da compra em sete dias corridos. N\u00e3o h\u00e1 necessidade de apresentar justificativa. Para desistir, envie um e-mail dizendo isso para:\u00a0<a href=\"mailto:cursos@projetoentenda.com.br\" target=\"_blank\" rel=\"noopener\">cursos@projetoentenda.com.br<\/a>. Esperamos, contudo, que voc\u00ea goste tanto do curso que n\u00e3o precise dessa garantia!<\/span><\/p>\n<p><span style=\"color: var( --e-global-color-text ); font-family: var( --e-global-typography-text-font-family ), Sans-serif; font-weight: bold;\">15.<\/span><span style=\"color: var( --e-global-color-text ); font-family: var( --e-global-typography-text-font-family ), Sans-serif; font-weight: var( --e-global-typography-text-font-weight );\">\u00a0O valor pago ser\u00e1 restitu\u00eddo conforme a pol\u00edtica de devolu\u00e7\u00e3o do cart\u00e3o de cr\u00e9dito utilizado por voc\u00ea, podendo, dependendo do caso, constar na fatura do m\u00eas seguinte ao do d\u00e9bito do pagamento. Na impossibilidade de devolu\u00e7\u00e3o por meio do cart\u00e3o de cr\u00e9dito, o valor ser\u00e1 depositado em uma conta corrente do comprador no prazo de at\u00e9 sessenta dias ap\u00f3s a comunica\u00e7\u00e3o da desist\u00eancia por e-mail.<\/span><\/p>\n<h3><span style=\"color: var( --e-global-color-text ); font-family: var( --e-global-typography-text-font-family ), Sans-serif; font-weight: 600;\">Considera\u00e7\u00f5es finais<\/span><\/h3>\n<p><span style=\"font-weight: bold; color: var( --e-global-color-text ); font-family: var( --e-global-typography-text-font-family ), Sans-serif;\">16.<\/span><span style=\"color: var( --e-global-color-text ); font-family: var( --e-global-typography-text-font-family ), Sans-serif; font-weight: var( --e-global-typography-text-font-weight );\">\u00a0Esses termos e condi\u00e7\u00f5es podem ser alterados sem que haja necessidade de comunica\u00e7\u00e3o aos usu\u00e1rios matriculados ou de sua anu\u00eancia.<\/span><\/p>\n<p><span style=\"color: var( --e-global-color-text ); font-family: var( --e-global-typography-text-font-family ), Sans-serif; font-weight: bold;\">17.<\/span><span style=\"color: var( --e-global-color-text ); font-family: var( --e-global-typography-text-font-family ), Sans-serif; font-weight: var( --e-global-typography-text-font-weight );\">\u00a0Ao comprar um curso, o comprador manifesta sua total concord\u00e2ncia com esses termos e condi\u00e7\u00f5es.<\/span><\/p>\t\t\t\t\t\t<\/div>\n\t\t\t\t<\/div>\n\t\t\t\t\t<\/div>\n\t\t<\/div>\n\t\t\t\t\t\t\t<\/div>\n\t\t<\/section>\n\t\t\t\t\t\t\t<\/div>\n\t\t","protected":false},"excerpt":{"rendered":"<p>O que \u00e9 o Projeto Entenda? 1.\u00a0\u00c9 uma plataforma de ensino mantida pela\u00a0pessoa f\u00edsica\u00a0Eduardo Leite do Canto (Professor Canto), educador e autor de livros did\u00e1ticos. 2. D\u00favidas, coment\u00e1rios e solicita\u00e7\u00f5es podem ser enviadas para o seguinte endere\u00e7o eletr\u00f4nico:\u00a0cursos@projetoentenda.com.br.\u00a0 Cookies e privacidade de dados 3. Quando voc\u00ea cria ou acessa sua conta no site, cookies\u00a0s\u00e3o empregados\u00a0para [&hellip;]<\/p>\n","protected":false},"author":1,"featured_media":0,"parent":0,"menu_order":0,"comment_status":"closed","ping_status":"open","template":"","meta":[],"yoast_head":"<!-- This site is optimized with the Yoast SEO plugin v20.5 - https:\/\/yoast.com\/wordpress\/plugins\/seo\/ -->\n<title>Pol\u00edtica de privacidade &bull; Projeto Entenda<\/title>\n<meta name=\"robots\" content=\"index, follow, max-snippet:-1, max-image-preview:large, max-video-preview:-1\" \/>\n<link rel=\"canonical\" href=\"https:\/\/projetoentenda.com.br\/site\/politica-de-privacidade\/\" \/>\n<meta property=\"og:locale\" content=\"pt_BR\" \/>\n<meta property=\"og:type\" content=\"article\" \/>\n<meta property=\"og:title\" content=\"Pol\u00edtica de privacidade &bull; Projeto Entenda\" \/>\n<meta property=\"og:description\" content=\"O que \u00e9 o Projeto Entenda? 1.\u00a0\u00c9 uma plataforma de ensino mantida pela\u00a0pessoa f\u00edsica\u00a0Eduardo Leite do Canto (Professor Canto), educador e autor de livros did\u00e1ticos. 2. D\u00favidas, coment\u00e1rios e solicita\u00e7\u00f5es podem ser enviadas para o seguinte endere\u00e7o eletr\u00f4nico:\u00a0cursos@projetoentenda.com.br.\u00a0 Cookies e privacidade de dados 3. Quando voc\u00ea cria ou acessa sua conta no site, cookies\u00a0s\u00e3o empregados\u00a0para [&hellip;]\" \/>\n<meta property=\"og:url\" content=\"https:\/\/projetoentenda.com.br\/site\/politica-de-privacidade\/\" \/>\n<meta property=\"og:site_name\" content=\"Projeto Entenda\" \/>\n<meta property=\"article:publisher\" content=\"https:\/\/www.facebook.com\/professorcanto\" \/>\n<meta property=\"article:modified_time\" content=\"2023-05-05T14:46:19+00:00\" \/>\n<meta property=\"og:image\" content=\"https:\/\/projetoentenda.com.br\/site\/wp-content\/uploads\/2023\/04\/Logo.png\" \/>\n\t<meta property=\"og:image:width\" content=\"690\" \/>\n\t<meta property=\"og:image:height\" content=\"345\" \/>\n\t<meta property=\"og:image:type\" content=\"image\/png\" \/>\n<meta name=\"twitter:card\" content=\"summary_large_image\" \/>\n<meta name=\"twitter:label1\" content=\"Est. tempo de leitura\" \/>\n\t<meta name=\"twitter:data1\" content=\"3 minutos\" \/>\n<script type=\"application\/ld+json\" class=\"yoast-schema-graph\">{\"@context\":\"https:\/\/schema.org\",\"@graph\":[{\"@type\":\"WebPage\",\"@id\":\"https:\/\/projetoentenda.com.br\/site\/politica-de-privacidade\/\",\"url\":\"https:\/\/projetoentenda.com.br\/site\/politica-de-privacidade\/\",\"name\":\"Pol\u00edtica de privacidade &bull; Projeto Entenda\",\"isPartOf\":{\"@id\":\"https:\/\/projetoentenda.com.br\/site\/#website\"},\"datePublished\":\"2022-09-23T22:06:51+00:00\",\"dateModified\":\"2023-05-05T14:46:19+00:00\",\"breadcrumb\":{\"@id\":\"https:\/\/projetoentenda.com.br\/site\/politica-de-privacidade\/#breadcrumb\"},\"inLanguage\":\"pt-BR\",\"potentialAction\":[{\"@type\":\"ReadAction\",\"target\":[\"https:\/\/projetoentenda.com.br\/site\/politica-de-privacidade\/\"]}]},{\"@type\":\"BreadcrumbList\",\"@id\":\"https:\/\/projetoentenda.com.br\/site\/politica-de-privacidade\/#breadcrumb\",\"itemListElement\":[{\"@type\":\"ListItem\",\"position\":1,\"name\":\"In\u00edcio\",\"item\":\"https:\/\/projetoentenda.com.br\/site\/\"},{\"@type\":\"ListItem\",\"position\":2,\"name\":\"Pol\u00edtica de privacidade\"}]},{\"@type\":\"WebSite\",\"@id\":\"https:\/\/projetoentenda.com.br\/site\/#website\",\"url\":\"https:\/\/projetoentenda.com.br\/site\/\",\"name\":\"Projeto Entenda\",\"description\":\"Ensino Digital\",\"publisher\":{\"@id\":\"https:\/\/projetoentenda.com.br\/site\/#organization\"},\"potentialAction\":[{\"@type\":\"SearchAction\",\"target\":{\"@type\":\"EntryPoint\",\"urlTemplate\":\"https:\/\/projetoentenda.com.br\/site\/?s={search_term_string}\"},\"query-input\":\"required name=search_term_string\"}],\"inLanguage\":\"pt-BR\"},{\"@type\":\"Organization\",\"@id\":\"https:\/\/projetoentenda.com.br\/site\/#organization\",\"name\":\"Projeto Entenda\",\"url\":\"https:\/\/projetoentenda.com.br\/site\/\",\"logo\":{\"@type\":\"ImageObject\",\"inLanguage\":\"pt-BR\",\"@id\":\"https:\/\/projetoentenda.com.br\/site\/#\/schema\/logo\/image\/\",\"url\":\"https:\/\/projetoentenda.com.br\/site\/wp-content\/uploads\/2023\/04\/Logo.png\",\"contentUrl\":\"https:\/\/projetoentenda.com.br\/site\/wp-content\/uploads\/2023\/04\/Logo.png\",\"width\":690,\"height\":345,\"caption\":\"Projeto Entenda\"},\"image\":{\"@id\":\"https:\/\/projetoentenda.com.br\/site\/#\/schema\/logo\/image\/\"},\"sameAs\":[\"https:\/\/www.facebook.com\/professorcanto\",\"https:\/\/www.youtube.com\/professorcanto\",\"https:\/\/www.instagram.com\/professorcanto\/\"]}]}<\/script>\n<!-- \/ Yoast SEO plugin. -->","yoast_head_json":{"title":"Pol\u00edtica de privacidade &bull; Projeto Entenda","robots":{"index":"index","follow":"follow","max-snippet":"max-snippet:-1","max-image-preview":"max-image-preview:large","max-video-preview":"max-video-preview:-1"},"canonical":"https:\/\/projetoentenda.com.br\/site\/politica-de-privacidade\/","og_locale":"pt_BR","og_type":"article","og_title":"Pol\u00edtica de privacidade &bull; Projeto Entenda","og_description":"O que \u00e9 o Projeto Entenda? 1.\u00a0\u00c9 uma plataforma de ensino mantida pela\u00a0pessoa f\u00edsica\u00a0Eduardo Leite do Canto (Professor Canto), educador e autor de livros did\u00e1ticos. 2. D\u00favidas, coment\u00e1rios e solicita\u00e7\u00f5es podem ser enviadas para o seguinte endere\u00e7o eletr\u00f4nico:\u00a0cursos@projetoentenda.com.br.\u00a0 Cookies e privacidade de dados 3. Quando voc\u00ea cria ou acessa sua conta no site, cookies\u00a0s\u00e3o empregados\u00a0para [&hellip;]","og_url":"https:\/\/projetoentenda.com.br\/site\/politica-de-privacidade\/","og_site_name":"Projeto Entenda","article_publisher":"https:\/\/www.facebook.com\/professorcanto","article_modified_time":"2023-05-05T14:46:19+00:00","og_image":[{"width":690,"height":345,"url":"https:\/\/projetoentenda.com.br\/site\/wp-content\/uploads\/2023\/04\/Logo.png","type":"image\/png"}],"twitter_card":"summary_large_image","twitter_misc":{"Est. tempo de leitura":"3 minutos"},"schema":{"@context":"https:\/\/schema.org","@graph":[{"@type":"WebPage","@id":"https:\/\/projetoentenda.com.br\/site\/politica-de-privacidade\/","url":"https:\/\/projetoentenda.com.br\/site\/politica-de-privacidade\/","name":"Pol\u00edtica de privacidade &bull; Projeto Entenda","isPartOf":{"@id":"https:\/\/projetoentenda.com.br\/site\/#website"},"datePublished":"2022-09-23T22:06:51+00:00","dateModified":"2023-05-05T14:46:19+00:00","breadcrumb":{"@id":"https:\/\/projetoentenda.com.br\/site\/politica-de-privacidade\/#breadcrumb"},"inLanguage":"pt-BR","potentialAction":[{"@type":"ReadAction","target":["https:\/\/projetoentenda.com.br\/site\/politica-de-privacidade\/"]}]},{"@type":"BreadcrumbList","@id":"https:\/\/projetoentenda.com.br\/site\/politica-de-privacidade\/#breadcrumb","itemListElement":[{"@type":"ListItem","position":1,"name":"In\u00edcio","item":"https:\/\/projetoentenda.com.br\/site\/"},{"@type":"ListItem","position":2,"name":"Pol\u00edtica de privacidade"}]},{"@type":"WebSite","@id":"https:\/\/projetoentenda.com.br\/site\/#website","url":"https:\/\/projetoentenda.com.br\/site\/","name":"Projeto Entenda","description":"Ensino Digital","publisher":{"@id":"https:\/\/projetoentenda.com.br\/site\/#organization"},"potentialAction":[{"@type":"SearchAction","target":{"@type":"EntryPoint","urlTemplate":"https:\/\/projetoentenda.com.br\/site\/?s={search_term_string}"},"query-input":"required name=search_term_string"}],"inLanguage":"pt-BR"},{"@type":"Organization","@id":"https:\/\/projetoentenda.com.br\/site\/#organization","name":"Projeto Entenda","url":"https:\/\/projetoentenda.com.br\/site\/","logo":{"@type":"ImageObject","inLanguage":"pt-BR","@id":"https:\/\/projetoentenda.com.br\/site\/#\/schema\/logo\/image\/","url":"https:\/\/projetoentenda.com.br\/site\/wp-content\/uploads\/2023\/04\/Logo.png","contentUrl":"https:\/\/projetoentenda.com.br\/site\/wp-content\/uploads\/2023\/04\/Logo.png","width":690,"height":345,"caption":"Projeto Entenda"},"image":{"@id":"https:\/\/projetoentenda.com.br\/site\/#\/schema\/logo\/image\/"},"sameAs":["https:\/\/www.facebook.com\/professorcanto","https:\/\/www.youtube.com\/professorcanto","https:\/\/www.instagram.com\/professorcanto\/"]}]}},"_links":{"self":[{"href":"https:\/\/projetoentenda.com.br\/site\/wp-json\/wp\/v2\/pages\/3"}],"collection":[{"href":"https:\/\/projetoentenda.com.br\/site\/wp-json\/wp\/v2\/pages"}],"about":[{"href":"https:\/\/projetoentenda.com.br\/site\/wp-json\/wp\/v2\/types\/page"}],"author":[{"embeddable":true,"href":"https:\/\/projetoentenda.com.br\/site\/wp-json\/wp\/v2\/users\/1"}],"replies":[{"embeddable":true,"href":"https:\/\/projetoentenda.com.br\/site\/wp-json\/wp\/v2\/comments?post=3"}],"version-history":[{"count":6,"href":"https:\/\/projetoentenda.com.br\/site\/wp-json\/wp\/v2\/pages\/3\/revisions"}],"predecessor-version":[{"id":1366,"href":"https:\/\/projetoentenda.com.br\/site\/wp-json\/wp\/v2\/pages\/3\/revisions\/1366"}],"wp:attachment":[{"href":"https:\/\/projetoentenda.com.br\/site\/wp-json\/wp\/v2\/media?parent=3"}],"curies":[{"name":"wp","href":"https:\/\/api.w.org\/{rel}","templated":true}]}}